, 0 = -4*f + 4 + 16. Let r(m) = -4 + 4*m + m**3 + 2*m + 6*m**2 + 8. Give r(a).
-1
Let f(s) be the third derivative of s**4/6 + 3*s**2. Let l(q) = 2*q + 1. Let t be l(1). Let z = 2 - t. Determine f(z).
-4
Let q(u) = u**3 + 2*u**2 - u - 1. Suppose 5*c - r = -5, -2*r - 14 = -c + 3*c. Calculate q(c).
1
Let k(g) = 7*g. Suppose 5*t - 3*a = -10, -5*t + a + 4*a - 20 = 0. Calculate k(t).
7
Let c(t) = 10*t**2 + 5*t - 16. Let p(h) = 2*h**2 + h - 3. Let l(k) = 2*c(k) - 11*p(k). What is l(-2)?
-5
Suppose -6*u - 33 + 3 = 0. Let y(f) = f - 2. What is y(u)?
-7
Let m(b) = 5*b + 7. Let d be -3*(8/12 + 1). Calculate m(d).
-18
Suppose o + 5*k - 22 = 0, 2*o + k - 14 = -3*o. Let l be (-1 - -1)*1/o. Suppose l*s = s. Let q(x) = -x**2 - x - 5. Calculate q(s).
-5
Let j(y) = 0 - 12 - y + 10. What is j(-5)?
3
Let p(y) = -y - 6. Suppose 0 = -0*l + 6*l. Give p(l).
-6
Let s be -6*-1*(-2)/(-4). Let u(v) = 5 - 2*v**2 - v**2 + s*v + 2*v**2 + 0*v. What is u(5)?
-5
Suppose 4*s + 1 = 5. Let a(i) = s + i + 0*i**3 + i**2 + i**3 + 0. Suppose b - 3 = 3*c + 2*b, 4*c - 3*b = 9. Determine a(c).
1
Let z(o) = -5*o - 6. Let f(b) = -b**2 + 6*b + 7. Let v(w) = -6*f(w) - 7*z(w). Let c(t) = -5 + 3*t - 4*t + t**3 - 4*t - 5*t**2. Let y be c(6). Determine v(y).
5
Let p(q) = q**2 - 5 + 0*q + 4*q**2 - q - 6*q**2. Give p(0).
-5
Let h(c) = c**3 - 6*c**2 - 2*c + 9. Suppose -3*w + 2*p + 26 = 4*p, 0 = 4*p - 16. Give h(w).
-3
Let f = -35 + 33. Let k(j) = 3*j**2 + 2*j + 1. Calculate k(f).
9
Let h = 5 - 9. Let b(o) = o - 409 - 3*o**2 + 406 + 4*o**2. Give b(h).
9
Let q(c) = -3*c**2 + 2*c - 1. Let w(k) = k**3 + 5*k**2 + 2*k - 1. Let z be w(-4). Suppose 2*x - z*x + 5 = 0. Give q(x).
-2
Suppose q = -4*t + 13 + 11, -4*q - 16 = 0. Suppose 0 = -5*b + t + 8. Let z(u) = -4*u**2 + u + u**2 + 0*u + u**3 + 1. Calculate z(b).
4
Let s(w) = -w**3 + 5*w**2 + w - 3. Suppose l - 5*l + 20 = 0. Suppose 5 = 3*u + l*v, -4*u + 4*v = -2*u - 18. Give s(u).
2
Let t(v) = -v + 9. Let s(c) = 1. Let f(d) = -4*s(d) + t(d). Determine f(4).
1
Let q(l) = -l**3 + 5*l**2 - 2. Suppose -n - 17 = -u + 2*n, -2*u = -n - 14. Determine q(u).
-2
Suppose 0 = -5*z + 4*o - 7 - 1, -z + 2*o + 2 = 0. Let p(y) be the first derivative of -y**2/2 - 5*y + 7. Calculate p(z).
-1
Let d(t) = -t - 2. Suppose -4 = z - 0*a - a, -12 = -3*z - 5*a. Calculate d(z).
-1
Let n(j) = 3*j - 11. Let o(c) = -1. Let d(r) = -n(r) + 2*o(r). Suppose 0*l - 18 = -3*l. Determine d(l).
-9
Let m(h) = h**2 + 8*h - 5. Let k be m(-9). Suppose -4*v - k = 3*r, -3*v - 9 = -4*r + 19. Let i(n) = -n**2 - 2*n - 3. What is i(v)?
-11
Let w(o) = -o**2. Let a(u) = 6*u**2 - 4*u + 3. Let x(g) = a(g) + 4*w(g). Let j be 2/9 + (-4)/((-180)/125). Determine x(j).
9
Suppose 0 = 2*f - 4*f - 3*x - 3, -3*f - 4*x - 4 = 0. Suppose -b + 6 = -f*b. Let y(a) = 3*a - b*a + a. Give y(2).
-4
Let q(f) = 7*f**3 - f**2 + 1. Let c = 2 - 1. Give q(c).
7
Let g(k) = -k**3 - 4*k**2 + 4*k + 3. Let v be g(-5). Let j = v - 8. Let a(l) = l**3 + l - 7. What is a(j)?
-7
Let g(p) be the first derivative of -7*p**2/2 + 2. Suppose -s + 21 = -0*s. Let v be 8/6 - 7/s. Give g(v).
-7
Let y(g) = g + 6. Let w be y(-4). Suppose w*x - 3*n = -5 - 10, -4*n = -20. Let r(o) = o**2 + o**2 - o**2 + 3. What is r(x)?
3
Let w(n) = -n**2 + 2*n + 1. Let y(q) be the first derivative of -q**4/4 - 8*q**3/3 + 5*q**2 + 7*q - 1. Let k be y(-9). What is w(k)?
-7
Suppose -2*w + 2 = -0. Let v(n) = 3 + 2*n - n - 2*n - w - n**2. Let s be v(-3). Let f(i) = -i**3 - 4*i**2 + 2*i + 2. Determine f(s).
-6
Let x(s) = -2*s**2 - 2*s + 2. Let g be (2/4)/(1/(-84)). Let m be 12/g + (-12)/7. Determine x(m).
-2
Let h(b) = 7*b**2 - 5*b**2 - b**3 - 3 + 4*b**2 + 3*b. Calculate h(6).
15
Let t(j) = 2*j**3 - 5*j**2 - 5*j + 4. Let u(q) = -q**3 + q**2 + q - 1. Let w(n) = -t(n) - 5*u(n). Suppose -7 = -z - 0*z - 2*m, -5*z + 2 = -m. Give w(z).
4
Let t(u) be the first derivative of -1/2*u**2 + 1 + 6*u. What is t(5)?
1
Suppose 0 = -33*w + 35*w + 6. Let h(y) be the first derivative of y**4/24 - y**3/6 - y**2/2 - 2. Let l(a) be the second derivative of h(a). Calculate l(w).
-4
Let x(w) = w**3 - 192 - 5*w + 184 + 7*w**2 + 5*w. What is x(-7)?
-8
Let d(m) = -3*m**2 + 4*m - 3. Suppose -33*y = -26*y - 14. Give d(y).
-7
Suppose -5*a + 6 + 14 = 0. Let s(t) = t**2 - 4*t - 8. Let w be s(6). Let m(f) = f**3 - 3 - 4*f**2 + 3*f**2 + 6*f - w*f**2. Calculate m(a).
5
Let p = 0 - 4. Let n(d) = -2*d**2 - 3. Let a(b) = 3*b**2 + 5. Let f(w) = -3*a(w) - 5*n(w). Let o(i) = -2*i**2 + 2*i - 4. Let l(h) = 3*f(h) + o(h). What is l(p)?
4
Let d(v) be the second derivative of -v**3/3 - v**2/2 - 4*v. What is d(1)?
-3
Let a(b) be the second derivative of 1/6*b**3 - 2*b + 0 + 7/2*b**2. Calculate a(0).
7
Let x(b) = -4*b - 1. Suppose 0 = -5*u - 3*k + 7, -5*u + 2*k - 1 - 12 = 0. Determine x(u).
3
Let b(w) = w. Let l(j) be the second derivative of j**4/12 + j**3/6 - j**2/2 + 2*j. Let t(q) = 6*b(q) - l(q). Determine t(5).
1
Let u(i) = i**3 + 7*i**2 - i + 4. Let v(h) = h**3 + 6*h**2 - h + 4. Let z(j) = -j**2 - 4*j + 1. Let m be z(-5). Let k(n) = m*u(n) + 5*v(n). Give k(-3).
-2
Let r(v) = -v**2 - v + 2 + 115*v**3 + 111*v**3 - 227*v**3. Give r(0).
2
Suppose i = 3*i - 8. Let f(g) be the first derivative of -2*g + 1/4*g**i - 3/2*g**2 - 2 + 2/3*g**3. Calculate f(-2).
4
Let n(t) be the second derivative of t**5/30 + t**4/8 + t**2 + 4*t. Let j(l) be the first derivative of n(l). Calculate j(-2).
2
Let r = -28 + 25. Let m(z) = 4*z + 4. Determine m(r).
-8
Let x(v) = v**3 - 2*v**2 - 3*v - 2. Let z(l) = l - 15. Let m be z(0). Let g be ((-6)/10)/(3/m). Give x(g).
-2
Let b(o) = -1 + o**2 + 2 - 6 - o**3. Calculate b(0).
-5
Let d(l) = 2*l**2 + 6*l + 7. Let a(k) = -k**2 - 5*k - 6. Let h = 3 + 0. Let t(y) = h*a(y) + 2*d(y). What is t(4)?
0
Let g(r) = -2*r + 2. Suppose 4 = -h + 13. Suppose 4*b + h - 1 = 0. Determine g(b).
6
Let i = 73 + -72. Let m(a) = 4*a**2 + 1. What is m(i)?
5
Let v(w) = w**3 + 7*w**2 + w - 1. Let k be -1 - (8 - (0 + 2)). Calculate v(k).
-8
Let g(s) be the first derivative of 7*s + 1/3*s**3 + 1 - 5/2*s**2. Calculate g(5).
7
Suppose 0 = -16*a - 31 - 49. Let z(f) = f**3 + 5*f**2 + 2*f - 5. Calculate z(a).
-15
Let g(x) = x**2 + x - 10. Suppose k + 5*d - 30 = -5, 0 = -3*k - 2*d + 10. Calculate g(k).
-10
Let a = 0 + 3. Let w(i) be the first derivative of -i**2/2 - 2*i - 19. Give w(a).
-5
Let c(s) be the second derivative of -s**4/12 + s**3/2 + 2*s**2 + 23*s. Give c(4).
0
Let x(t) = 3*t + 9. Let i be 2/3 + 80/(-12). What is x(i)?
-9
Suppose -2*u - 27 = -5*u. Let h(x) = -3*x**3 + x**2 + 2*x**3 - 12*x + 5*x + u*x. Suppose 2*v + 4*s = -3*v + 2, 6 = 4*v + s. Determine h(v).
0
Let b(z) = -z**2 + z. Let x(d) = -d**3 + 3*d**2 + 9*d + 5. Let i(t) = -3*b(t) + x(t). Calculate i(7).
-2
Suppose 7*i - 3*i - 4 = 0. Let g(t) be the second derivative of t**5/40 + t**4/24 + t**3/3 + 2*t. Let s(v) be the second derivative of g(v). Calculate s(i).
4
Let f(y) = -y**2 + 3*y + 1. Let d(j) = -3*j**2 + 10*j + 2. Let k(b) = -4*d(b) + 11*f(b). Let w be (-16)/(-20)*15/2. Give k(w).
-3
Let x(v) be the second derivative of -v**3/6 - v**2/2 + v. Let m = 1 - 2. Calculate x(m).
0
Let l be (-30)/(-4) + (-15)/30. Let b(o) = o**2 - 7*o - 5. Calculate b(l).
-5
Let t(y) = y**3 - 2*y**2 + y - 2. Let c(k) = -3*k + 1. Let r(q) = -q + 1. Let f(w) = c(w) - 2*r(w). Let n be f(-3). Determine t(n).
0
Let w(m) = 10*m**2 - 2*m - 5. Let h(j) = j**2 - j - 1. Let k(f) = 4*h(f) - w(f). Determine k(1).
-7
Let g(y) = y + 3. Let x be -1*(2 - 0) + 4. Suppose h + h = x. Let c be (0/(-1))/(-1 - h). Give g(c).
3
Let m(n) = -n**2 + 4. Suppose 2*k + 14 = 5*w - 3, 2*w - 2*k - 8 = 0. Let a(u) = -u**2 + 3*u + 3. Let c be a(w). What is m(c)?
-5
Let o(w) be the second derivative of w**3/6 + 10*w. Determine o(-2).
-2
Let c(n) = 3*n - 6 - 2*n + 0*n. Calculate c(7).
1
Let q = 7 - 10. Let n(z) = z**2 - 6*z - 2. Let a be n(6). Let k = a - q. Let g(w) = 2*w - 1. Determine g(k).
1
Let m(f) = -f**3 - f**2 + f + 1. Let i(d) = -6*d**3 + d**2 - 4*d - 3. Let s(c) = -i(c) - 2*m(c). Let n(k) = -k**2 + 4*k - 1. Let h be n(4). Determine s(h).
-8
Suppose 5 = 8*f - 27. Let o(q) be the second derivative of q + 1/6*q**f + 0 + q**2 - 1/3*q**3. Give o(2).
6
Suppose 3 = -h, -2*u - 4*h = 2*u. Let f(k) = -k**3 + 2*k**2 - k + 4. Give f(u).
-8
Let v(t) = t**2. Let n(c) = c**3 + 9*c**2 - c - 8. Let l(s) = n(s) - 3*v(s). 